{"id":139,"date":"2020-04-11T15:02:18","date_gmt":"2020-04-11T15:02:18","guid":{"rendered":"https:\/\/bulirsch.eu\/wordpress\/?page_id=139"},"modified":"2020-04-12T11:10:03","modified_gmt":"2020-04-12T11:10:03","slug":"publikationen","status":"publish","type":"page","link":"https:\/\/bulirsch.eu\/home\/publikationen\/publikationen\/","title":{"rendered":"Wissenschaftliche Publikationen"},"content":{"rendered":"\n<hr class=\"wp-block-separator\"\/>\n\n\n\n<p><strong>Konstitutionsermittlung aus Verteilungskoeffizienten und aus papierchromatographischen Rf &#8211; Werten<\/strong><br>mit Decker, P., Schauer, H. K.<br>Die Naturwissenschaften 42, 1955.<\/p>\n\n\n\n<p><strong>\u00dcber die Beziehungen zwischen Rf &#8211; Wert und chemischer Konstitution organischer Verbindungen in der Papierchromatographie<\/strong><br>mit Schauer, H. K.<br>Z. Naturforschg. 10b, 1955.<\/p>\n\n\n\n<p><strong>Konstitutionsaufkl\u00e4rung aus Rf &#8211; Werten<\/strong><br>mit Schauer, H. K.<br>Die Naturwissenschaften 43, 1956.<\/p>\n\n\n\n<p><strong>\u00dcber die Beziehungen zwischen der chemischen Konstitution organischer Verbindungen und ihrem Rf &#8211; Wert in der Papierchromatographie II<\/strong><br>mit Schauer, H. K.<br>Naturforschg. 13b, 1958.<\/p>\n\n\n\n<p><strong>Existenznachweis und Approximation von Eigenwerten und Eigenfunktionen mit Hilfe eines Differenzverfahrens bei singul\u00e4ren Sturm-Liouvilleschen Randwertaufgaben<\/strong><br>(Dissertation). Arch. Rat. Mech. Anal. 9, 1962.<\/p>\n\n\n\n<p><strong>Fehlerabsch\u00e4tzungen und Extrapolation mit rationalen Funktionen bei Verfahren vom Richardson-Typus<\/strong><br>mit Stoer, J.<br>Num. Math. 6, 1964.<\/p>\n\n\n\n<p><strong>Bemerkungen zur Romberg-Integration<\/strong><br>Num. Math. 6, 1964.<\/p>\n\n\n\n<p><strong>Numerical Calculation of Elliptic Integrals and Elliptic Functions<\/strong><br>Handbook Series Special Functions. Num. Math. 7, 1965.<\/p>\n\n\n\n<p><strong>Numerical Calculation of Elliptic Integrals and Elliptic Functions II<\/strong><br>Handbook Series Special Functions. Num. Math. 7, 1965.<\/p>\n\n\n\n<p><strong>\u00dcber asymptotische Entwicklungen bei diskretisierten Eigenwertproblemen<\/strong><br>TU M\u00fcnchen: Habilitationsschrift 1965.<\/p>\n\n\n\n<p><strong>Numerical Treatment of Ordinary Differential Equations by Extrapolation Methods<\/strong><br>mit Stoer, J.<br>Num. Math. 8, 1966.<\/p>\n\n\n\n<p><strong>Asymptotic Upper and Lower Bounds for Results of Extrapolation Methods<\/strong><br>mit Stoer, J.<br>Num. Math. 8, 1966.<\/p>\n\n\n\n<p><strong>Convergence Acceleration by Extrapolation Methods<\/strong><br>mit Stoer, J.<br>Proceedings of IFIP Congress 65, Vol. 2, 487-488. Spartan Books, Washington; Macmillan and Co., Ltd., London, 1966.<\/p>\n\n\n\n<p><strong>Asymptotische Fehlerschranken bei Extrapolationsverfahren<\/strong><br>mit Stoer, J.<br>Beitrag zu Funktionalanalytische Methoden in der numerischen Mathematik, ISNM, Vol. 7. Stuttgart: Birkh\u00e4user 1967.<\/p>\n\n\n\n<p><strong>Numerical Quadrature by Extrapolation<\/strong><br>mit Stoer, J.<br>Handbook Series Numerical Integration. Num. Math. 9, 1967.<\/p>\n\n\n\n<p><strong>Numerical Calculation of the Sine, Cosine and Fresnel Integrals<\/strong><br>Handbook Series Special Functions. Num. Math. 9, 1967.<\/p>\n\n\n\n<p><strong>Einige Bemerkungen zum Problem der R\u00fcckf\u00fchrung der ersten Raketenstufe<\/strong><br>Oberpfaffenhofen: DVLR, Inst. f. Flugmechanik, TV Nr. 24, 1967.<\/p>\n\n\n\n<p><strong>Notwendige Bedingungen f\u00fcr unstetige L\u00f6sungen bei Variationsproblemen<\/strong><br>Oberpfaffenhofen: DVLR, Inst. f. Flugmechanik, TV Nr. 24, 1967.<\/p>\n\n\n\n<p><strong>Interpolation und gen\u00e4herte Quadratur<\/strong><br>mit Rutishauser, H.<br>Beitrag zu Mathematische Hilfsmittel des Ingenieurs, Grundlehrenband 141. Herausgeber: Sauer, Szabo. Berlin: Springer, 1968.<\/p>\n\n\n\n<p><strong>Darstellung von Funktionen in Rechenautomaten<\/strong><br>mit Stoer, J.<br>Beitrag zu Mathematische Hilfsmittel des Ingenieurs, Grundlehrenband 141.<br>Herausgeber: Sauer, Szabo. Berlin: Springer, 1968.<\/p>\n\n\n\n<p><strong>An Extension of the Bartky-transformation to Incomplete Elliptic Integrals of the Third Kind<\/strong><br>Num. Math. 13, 1969.<\/p>\n\n\n\n<p><strong>Numerical calculation of elliptic integrals and elliptic functions III<\/strong><br>Handbook Series Special Functions. Num. Math. 13, 1969.<\/p>\n\n\n\n<p><strong>Die Mehrzielmethode zur numerischen L\u00f6sung von nichtlinearen Randwertproblemen und Aufgaben der optimalen Steuerung<\/strong><br>Beitrag zum Programm Flugbahnoptimierung der Carl-Cranz-Gesellschaft. Heidelberg, 1971.<\/p>\n\n\n\n<p><strong>\u00dcber eine Linearisierung von F(zxx, zxy, zyy) = 0.<\/strong><br>Lecture Notes Band 267: Numerische L\u00f6sung nichtlinearer partieller Differential- und Integro-Differentialgleichungen. Herausgeber: Ansorge, T\u00f6rnig. Berlin: Springer 1972.<\/p>\n\n\n\n<p><strong>Computation of real-time-control in aerospace applications by multiple shooting procedures<\/strong><br>mit Branca, H.-W.<br>In Stiff Differential Systems; edited by R. A. Willoughby. Plenum Publishing, New York 1974.<\/p>\n\n\n\n<p><strong>Continuation of periodic solutions in ordinary differential equations by multiple shooting<\/strong><br>mit Holodniok, M., Kubicek, M.<br>TUM-Report, 1982.<\/p>\n\n\n\n<p><strong>Optimization and Optimal Control<\/strong><br>mit Oettli, Stoer, J. (Herausgeber)<br>Conference Proceedings Oberwolfach 1974, Springer 1975, Lecture Notes 477.<\/p>\n\n\n\n<p><strong>Introduzione all&#8217;analisi numerica 2 (\u00dcbersetzung)<\/strong><br>mit Stoer, J.<br>Bologna: Zianchelli 1975 (3. Auflage).<\/p>\n\n\n\n<p><strong>Numercical Treatment of Differential Equations<\/strong><br>mit Grigorieff, Schr\u00f6der (Herausgeber)<br>Conference Proceedings Oberwolfach 1976, Springer 1978, Lecture Notes 631.<\/p>\n\n\n\n<p><strong>Vom Regenbogen zum Farbfernsehen. H\u00f6here Mathematik in Fallstudien aus Natur und Technik<\/strong><br>mit Seydel, R.<br>Heidelberg: Springer, 1986.<\/p>\n\n\n\n<p><strong>Numerical Evaluation of Elliptic Integrals for Geodetic Applications<\/strong><br>mit Gerstl, M.<br>Bollettino di Geodesia e Scienze Affini. Anno XLII-N. L, 1983.<\/p>\n\n\n\n<p><strong>Effiziente Verfahren f\u00fcr die Simulation elektrischer Schaltwerke<\/strong><br>mit Gilg, A.<br>Informatik in der Praxis, Hrsg.: H. Schw\u00e4rtzel, Berlin: Springer, 1986.<\/p>\n\n\n\n<p><strong>Eine Methode zur Berechnung des Sternaufbaus<\/strong><br>mit Reiter, J.<br>Mitt. Astronom. Ges. No. 65, 1986.<\/p>\n\n\n\n<p><strong>Optimal Control<\/strong><br>mit Miele, A.; Stoer, J.; Well, K. H.<br>Proc. of the Conf. On Optimal Control and Variational Calculus, Oberwolfach, 1986, Lecture Notes in Control and Information Sciences, No. 95, Heidelberg: Springer, 1987.<\/p>\n\n\n\n<p><strong>Wste p do analizy numerycznej (\u00dcbersetzung)<\/strong><br>mit Stoer, J.<br>Warszawa: P\u00e1<br>nstwowe Wydawnictwo Naukowe, 1987 (2. Auflage).<\/p>\n\n\n\n<p><strong>Mathematical Modelling and Simulation of Electrical Circuits and Semiconductor-Devices<\/strong><br>mit Bank, R. E.; Merten K.<br>Proc. of a Conf. In Oberwolfach, 30.10-5.11.1988, ISNM 93, Basel: Birkh\u00e4user, 1990.<\/p>\n\n\n\n<p><strong>Sind die Mathematiker &#8211; ist die Mathematik zu etwas n\u00fctze?<\/strong><br>In: R. Henn (Hrsg.), Technologie, Wachstum und Besch\u00e4ftigung, Festschrift f\u00fcr Lothar Sp\u00e4th, Berlin. Springer, 1987, 551-569.<\/p>\n\n\n\n<p><strong>A New Numerical Method for Calculating Stellar Evolution<\/strong><br>mit Pfleiderer, J.; Reiter J.<br>Astron. Ges.; Abstract Ser. No. 1, 19 (1988).<\/p>\n\n\n\n<p><strong>A Predictor-Corrector Algorithm for the Numerical Treatment of Stellar Evolution<\/strong><br>mit Pfleiderer, J.; Reiter J.<br>Astron. Ges.; Abstract Ser. No. 2, 48 (1989).<\/p>\n\n\n\n<p><strong>Numerical Computation of the Value Function of Optimally Controlled Stochastic Switching Processes by Multi-Grid Techniques<\/strong><br>mit Blo\u00df, M.; Hoppe, R.H.W.<br>Numer. Funct. Anal. Optimization 10, 275-304 (1989).<\/p>\n\n\n\n<p><strong>Mathematik in der Raumfahrt<\/strong><br>Festvortrag zum 50. Geburtstag von Ministerpr\u00e4sident Lothar Sp\u00e4th, Mitteilungen der Alexander von Humboldt-Stiftung, Heft 53, 1989.<\/p>\n\n\n\n<p><strong>Numerische Mathematik 2<\/strong><br>mit Stoer, J.<br>Auflage, Heidelberg: Springer, 1990.<\/p>\n\n\n\n<p><strong>Optimale Flugbahn einer Raumsonde zum Planetoiden Vesta<\/strong><br>mit Callies, R.<br>In: DGLR-Jahrbuch 1990, Vol. II, S. 895-904. (DGLR-Jahrestag.; Friedrichshafen, 1.-4. Okt. 1990; Paper-No. DGLR-90-147).<\/p>\n\n\n\n<p><strong>Optimal ascent and staging of a two-stage space vehicle system<\/strong><br>mit Chudej, K.; Reinsch K.D.<br>In: DGLR-Jahrbuch 1990, Vol. I, S. 243-249. (DGLR-Jahrestag.; Friedrichshafen, 1.-4. Okt. 1990; Paper-No. DGLR-90-137).<\/p>\n\n\n\n<p><strong>Numerische Simulation in der Halbleiterindustrie<\/strong><br>mit Merten, K.; Gilg, A.; Steger, K.<br>Informatik, Forschung und Entwicklung, Band 5, Heft 1, 42-56 (1990).<\/p>\n\n\n\n<p><strong>Mathematik und Informatik &#8211; Vom Nutzen der Formeln<\/strong><br>In: Informatik und Mathematik. Ed.: M. Broy. Berlin: Springer Verlag, 1991, S. 3-27.<\/p>\n\n\n\n<p><strong>Optimal Trajectories for an Ion Driven Spacecraft from Earth to the Planetoid Vesta.<\/strong><br>mit Callies, R.<br>In: Proc. of the AIAA Guidance, Navigation and Control Conference, New Orleans, Aug. 12-14, 1991. AIAA Paper No. 91-2683.<\/p>\n\n\n\n<p><strong>Optimal Trajectories for a Multiple Rendezvous Mission<\/strong> to Asteroids<br>mit Callies, R.<br>In: Proc. of the 42nd IAF-Congress, Montreal, Oct. 5-11, 1991. Montreal, 1991. Paper No. IAF-91-342.<\/p>\n\n\n\n<p><strong>Ascent optimization of an airbreathing space vehicle<\/strong><br>mit Chudej, K.<br>In: Proc. of the AIAA Guidance, Navigation and Control Conference, New Orleans, Aug. 12-14, 1991. Washington, 1991, S. 520-528.<\/p>\n\n\n\n<p><strong>Abort Landing in the Presence of a Windshear as a Minimax Optimal Control Problem, Part 1: Necessary Conditions<\/strong><br>mit Montrone, F.; Pesch, H. J.<br>In: Journal of Optimization Theory and Applications 70, No. 1, 1-23 (1991).<\/p>\n\n\n\n<p><strong>Abort Landing in the Presence of a Windshear as a Minimax Optimal Control Problem Part 2: Multiple Shooting and Homotopy<\/strong><br>mit Montrone, F.; Pesch, H. J.<br>In: Journal of Optimization Theory and Applications 70, No. 2, 221-252 (1991).<\/p>\n\n\n\n<p><strong>Optimal Trajectories for a Multiple Rendezvous Mission to Asteroids<\/strong><br>mit Callies, R.<br>Sonderforschungsbereich 255 der Deutschen Forschungsgemeinschaft, Transatmosph\u00e4rische Flugsysteme, Report No. 6, 1991.<\/p>\n\n\n\n<p><strong>Ascent optimization of an airbreathing space vehicle<\/strong><br>mit Chudej, K.<br>Sonderforschungsbereich 255 der Deutschen Forschungsgemeinschaft, Transatmosph\u00e4rische Flugsysteme, Report No. 5, 1991.<\/p>\n\n\n\n<p><strong>Optimal Trajectories for a Multiple Rendezvouz Mission to Asteroids<\/strong><br>mit Callies, R.<br>In: Acta Astronautica 26 (1992) S. 587-597.<\/p>\n\n\n\n<p><strong>Staging and ascent optimization of a dual-stage space transporter<\/strong><br>mit Chudej, K.<br>In: Z. Flugwiss. Weltraumforsch. 16 (1992), S. 143-151.<\/p>\n\n\n\n<p><strong>Guidance and trajectory optimization under state constraints &#8211; applied to a S\u00e4nger-type vehicle<\/strong><br>mit Chudej, K.<br>In: Preprints of the 12th IFAC-Symp. on Automatic Control in Aerospace &#8211; Aerospace Control 92, Ottobrunn, Sept. 7-11, 1992. Eds.: D. B. DeBra et al. D\u00fcsseldorf: VDI\/VDE Ges. Me\u00df- u. Automatisierungstechnik, 1992, S. 533&#8211;538.<\/p>\n\n\n\n<p><strong>Guidance and Trajectory Optimization under State Constraints<\/strong><br>mit Chudej, K.<br>Sonderforschungsbereich 255 der Deutschen Forschungsgemeinschaft, Transatmosph\u00e4rische Flugsysteme, Report No. 11, 1992.<\/p>\n\n\n\n<p><strong>The Maximum Principle, Bellman&#8217;s Equation and Carath\u00e9 odory&#8217;s Work<\/strong><br>mit Pesch, H. J.<br>In: Proc. of the Fifth Workshop on Control Mechanics in Honor of the Seventieth Birthday of Angelo Miele, Los Angeles, 21-23.1.1992.<\/p>\n\n\n\n<p><strong>Direct and Indirect Methods for Trajectory Optimization<\/strong><br>mit Stryk, O. von<br>In: Annals of Operations Research 37, S. 357-373, 1992.<\/p>\n\n\n\n<p><strong>Was scheren uns Scherwinde? Sichere Steuerung eines Verkehrsflugzeugs durch Scherwinde<\/strong><br>mit Montrone, F., Pesch, H. J.<br>In: TUM-Sonderreihe Forschung f\u00fcr Bayern Nr. 6. Fakult\u00e4t f\u00fcr Mathematik. Fakult\u00e4t f\u00fcr Informatik. Hrsg.: Tech. Univ. M\u00fcnchen, M\u00fcnchen, 1993, S. 16-17.<\/p>\n\n\n\n<p><strong>Combining Direct and Indirect Methods in Nonlinear Optimal Control: Range Maximization of a Hang Glider<\/strong><br>mit Nerz, E.; Pesch, H. J.; Stryk, O. von<br>In: Optimal Control, Calculus of Variations, Optimal Control Theory and Numerical Methods. Eds.: R. Bulirsch et al. Basel: Birkh\u00e4user, 1993, S. 273-288. (Inter. Series in Numer. Math.; 111)<\/p>\n\n\n\n<p><strong>Zu neuen Sternen. Optimierung von Satelliten und Raumsonden<\/strong><br>mit Callies, R.<br>In: TUM-Sonderreihe Forschung f\u00fcr Bayern Nr. 6. Fakult\u00e4t f\u00fcr Mathematik. Fakult\u00e4t f\u00fcr Informatik. Hrsg.: Tech. Univ. M\u00fcnchen, M\u00fcnchen, 1993, S. 20-21.<\/p>\n\n\n\n<p><strong>Zeit ist Geld? Nicht f\u00fcr Roboter!<\/strong><br>von Stryk, O.; Bulirsch, R.; Pesch, H. J.<br>In: TUM-Sonderreihe Forschung f\u00fcr Bayern Nr. 6. Fakult\u00e4t f\u00fcr Mathematik. Fakult\u00e4t f\u00fcr Informatik. Hrsg.: Tech. Univ. M\u00fcnchen, M\u00fcnchen, 1993, S. 22-23.<\/p>\n\n\n\n<p><strong>Optimal Trajectories for an Ion Driven Spacecraft from Earth to the Planetoid Vesta<\/strong><br>mit Callies, R.<br>Sonderforschungsbereich 255 der Deutschen Forschungsgemeinschaft, Transatmosph\u00e4rische Flugsysteme, Report No. 4, 1991.<\/p>\n\n\n\n<p><strong>Numerical solution of a simultaneous staging and trajectory optimization problem of a hypersonic space vehicle<\/strong><br>mit Chudej, K.<br>In: Proc. of the AIAA\/DGLR Fifth International Aerospace Planes and Hypersonics Technologies Conference, Munich, Nov. 30 &#8211; Dec. 3, 1993, American Institute of Aeronautics and Astronautics (AIAA), Washington, D.C., Paper-No. AIAA-93-5130.<\/p>\n\n\n\n<p><strong>Guidance and Trajectory Optimization under State Constraints &#8211; Applied to a S\u00e4nger-type Vehicle<\/strong><br>mit Chudej, K.<br>In: D.B. DeBra, E. Gottzein (Eds.): Automatic Control in Aerospace 1992. Selected Papers from the 12th IFAC-Symposium, Ottobrunn, Germany, 7-11 September 1992. IFAC Symposia Series, 1993. Number 12. Pergamon, Oxford, UK (1993) 483-488.<\/p>\n\n\n\n<p><strong>Alfred Pringsheim der Mathematiker<\/strong><br>In: Alfred Pringsheim, Hans Thoma, Thomas Mann. Eine M\u00fcnchner Konstellation. H.-W. Kruft. M\u00fcnchen: Verlag der Bayerischen Akademie der Wissenschaften, 1993, S. 25-34.<\/p>\n\n\n\n<p><strong>Optimal Control, Calculus of Variations<\/strong><br>mit Miele, A.; Stoer, J.; Well, K. H.<br>Optimal Control Theory and Numerical Methods. Basel: Birkh\u00e4user, 1993. (Inter. Series in Numer. Math.; 111, 349~S.)<\/p>\n\n\n\n<p><strong>Computational Optimal Control<\/strong><br>mit Kraft, D.<br>Basel: Birkh\u00e4user, 1994. (Inter. Series in Numer. Math.; 115)<\/p>\n\n\n\n<p><strong>Wilhelm Martin Kutta<\/strong><br>mit Breitner, M.<br>In: DMV-Mitteilungen 2, S. 7-8.<\/p>\n\n\n\n<p><strong>Combined optimization of trajectory and stage separation of a hypersonic two-stage space vehicle<\/strong><br>mit Chudej, K.<br>Sonderforschungsbereich 255 der Deutschen Forschungsgemeinschaft, Transatmosph\u00e4rische Flugsysteme, Report No. 18, 1994.<\/p>\n\n\n\n<p><strong>Graphic Interface for the Solution of Optimal Control Problems<\/strong><br>mit Grigat, E.; Sachs, G.; Kiehl, M.<br>In: Proceedings of the 11. Herbstschule &#8222;Variationsrechnung, Optimale Prozesse und Anwendungen. Variational Calculus, Optimal Control and Applications&#8220;, 13.-17.10.1993, Stralsund BRD (1994) S. 22-25. (Uni Greifswald Math-1-1994)<\/p>\n\n\n\n<p><strong>Mathematical modelling and simulation of electrical circuits and semiconductor<\/strong> devices<br>mit Bank, R. E.; Gajewski, H.; Merten, K.<br>Basel: Birkh\u00e4user Verlag 1994, (Inter. Ser. in Numer. Math.; 117).<\/p>\n\n\n\n<p><strong>A necessary condition on discretization schemes for device simulation<\/strong><br>mit Montrone, F.<br>In: J.J.H. Miller (Ed.): The International Journal for Computation and Mathematics in Electrical and Electronic Engineering COMPEL 13, No. 4 (1994), S. 591-597. (NASECODE X Transactions)<\/p>\n\n\n\n<p><strong>On the complete solution of y&#8220; = y3<\/strong><br>mit M\u00fcller, P. N.; Reinsch, K.-D.<br>In: Journal of Optimization Theory and Applications 80 (1994) 2, S. 367-372.<\/p>\n\n\n\n<p><strong>The Maximum Principle, Bellman&#8217;s Equation and Carath\u00e9odory&#8217;s Work<\/strong><br>mit Pesch, H. J.<br>In: J. of Optimization Theory and Applications 80 (1994) 203&#8211;229.<\/p>\n\n\n\n<p><strong>Mathematik und Hochtechnologie<\/strong><br>mit Callies, R.<br>In: Wissenschaften in der globalen Herausforderung. Eds.: H. Markl et al. Stuttgart: Hirzel, 1995, S. 97-114.<\/p>\n\n\n\n<p><strong>Combined optimization of trajectory and stage separation of a hypersonic two-stage space vehicle<\/strong><br>mit Chudej, K.<br>In: Z. Flugwiss. Weltraumforsch. 19, 1 (1995) 55-60.<\/p>\n\n\n\n<p><strong>Nutz und Frommen der Mathematik.<\/strong><br>In: DMV-Mitteilungen, 1 (1996) S. 21-36.<\/p>\n\n\n\n<p><strong>Mathematik und Hochtechnologie<\/strong><br>mit Callies, R.<br>In: Naturw. Rdsch. 49 (1996) 4, S. 127-135.<\/p>\n\n\n\n<p><strong>3-D trajectory optimization of a single-stage VTVL system<\/strong><br>mit Callies, R.<br>In: Proc. of the AIAA Guidance, Navigation and Control Conference, San Diego, July 29-31, 1996. Paper-No. AIAA-96-3903.<\/p>\n\n\n\n<p><strong>Optimale Systeme in der Mikroelekronik &#8211; Stabilit\u00e4t von Oszillatorschaltungen<\/strong><br>mit Selting, P.; Feldmann, U.; Zheng, Q.<br>In: Mathematik &#8211; Schl\u00fcsseltechnologie f\u00fcr die Zukunft. Eds.: K.-H. Hoffmann, W. J\u00e4ger, Th. Lohmann, H. Schunck. Springer, Berlin (1996) 257&#8211;266.<\/p>\n\n\n\n<p><strong>Mathematik &#8211; Triumph der geistigen Organisation<\/strong><br>In: Jahrbuch der Akademie der Wissenschaften in G\u00f6ttingen 1996, p. 77-111.<br>Vaudenhoeck &amp; Ruprecht, G\u00f6ttingen 1998.<\/p>\n\n\n\n<p><strong>Effiziente und stabile L\u00f6sung eines reichweitenmaximalen Fluges mit Staudruckbeschr\u00e4nkung f\u00fcr ein \u00dcberschallflugzeug<\/strong><br>mit Chudej, K.<br>In: DGLR-Jahrbuch 1997, Vol. 2, DGLR, Bonn (1997) 1141-11<\/p>\n\n\n\n<p><strong>Mathematik in Deutschland<\/strong><br>DMV-Mitteilungen. 1\/98, p. 27-31.<\/p>\n\n\n\n<p><strong>Variational Calculus, Optimal Control and Applications<\/strong><br>mit Schmidt, W.; Meier, K., Bittner (editors). Birkh\u00e4user, Basel-Berlin. Berlin 1998<\/p>\n","protected":false},"excerpt":{"rendered":"<p>Konstitutionsermittlung aus Verteilungskoeffizienten und aus papierchromatographischen Rf &#8211; Wertenmit Decker, P., Schauer, H. K.Die Naturwissenschaften 42, 1955. \u00dcber die Beziehungen zwischen Rf &#8211; Wert und chemischer Konstitution organischer Verbindungen in der Papierchromatographiemit Schauer, H. K.Z. Naturforschg. 10b, 1955. Konstitutionsaufkl\u00e4rung aus Rf &#8211; Wertenmit Schauer, H. K.Die Naturwissenschaften 43, 1956. \u00dcber [&hellip;]<\/p>\n","protected":false},"author":1,"featured_media":0,"parent":385,"menu_order":1,"comment_status":"closed","ping_status":"closed","template":"","meta":{"footnotes":""},"class_list":["post-139","page","type-page","status-publish","hentry"],"yoast_head":"<!-- This site is optimized with the Yoast SEO plugin v27.5 - https:\/\/yoast.com\/product\/yoast-seo-wordpress\/ -->\n<title>Wissenschaftliche Publikationen - Univ.-Prof. em. Dr. rer.nat. Dr. h.c. mult. Roland Zden\u011bk Bulirsch (Bul\u00ed\u0159)<\/title>\n<meta name=\"robots\" content=\"index, follow, max-snippet:-1, max-image-preview:large, max-video-preview:-1\" \/>\n<link rel=\"canonical\" href=\"https:\/\/bulirsch.eu\/home\/publikationen\/publikationen\/\" \/>\n<meta property=\"og:locale\" content=\"de_DE\" \/>\n<meta property=\"og:type\" content=\"article\" \/>\n<meta property=\"og:title\" content=\"Wissenschaftliche Publikationen - Univ.-Prof. em. Dr. rer.nat. Dr. h.c. mult. Roland Zden\u011bk Bulirsch (Bul\u00ed\u0159)\" \/>\n<meta property=\"og:description\" content=\"Konstitutionsermittlung aus Verteilungskoeffizienten und aus papierchromatographischen Rf &#8211; Wertenmit Decker, P., Schauer, H. K.Die Naturwissenschaften 42, 1955. \u00dcber die Beziehungen zwischen Rf &#8211; Wert und chemischer Konstitution organischer Verbindungen in der Papierchromatographiemit Schauer, H. K.Z. Naturforschg. 10b, 1955. Konstitutionsaufkl\u00e4rung aus Rf &#8211; Wertenmit Schauer, H. K.Die Naturwissenschaften 43, 1956. \u00dcber [&hellip;]\" \/>\n<meta property=\"og:url\" content=\"https:\/\/bulirsch.eu\/home\/publikationen\/publikationen\/\" \/>\n<meta property=\"og:site_name\" content=\"Univ.-Prof. em. Dr. rer.nat. Dr. h.c. mult. Roland Zden\u011bk Bulirsch (Bul\u00ed\u0159)\" \/>\n<meta property=\"article:modified_time\" content=\"2020-04-12T11:10:03+00:00\" \/>\n<meta name=\"twitter:card\" content=\"summary_large_image\" \/>\n<meta name=\"twitter:label1\" content=\"Gesch\u00e4tzte Lesezeit\" \/>\n\t<meta name=\"twitter:data1\" content=\"9\u00a0Minuten\" \/>\n<script type=\"application\/ld+json\" class=\"yoast-schema-graph\">{\"@context\":\"https:\\\/\\\/schema.org\",\"@graph\":[{\"@type\":\"WebPage\",\"@id\":\"https:\\\/\\\/bulirsch.eu\\\/home\\\/publikationen\\\/publikationen\\\/\",\"url\":\"https:\\\/\\\/bulirsch.eu\\\/home\\\/publikationen\\\/publikationen\\\/\",\"name\":\"Wissenschaftliche Publikationen - Univ.-Prof. em. Dr. rer.nat. Dr. h.c. mult. Roland Zden\u011bk Bulirsch (Bul\u00ed\u0159)\",\"isPartOf\":{\"@id\":\"https:\\\/\\\/bulirsch.eu\\\/home\\\/#website\"},\"datePublished\":\"2020-04-11T15:02:18+00:00\",\"dateModified\":\"2020-04-12T11:10:03+00:00\",\"breadcrumb\":{\"@id\":\"https:\\\/\\\/bulirsch.eu\\\/home\\\/publikationen\\\/publikationen\\\/#breadcrumb\"},\"inLanguage\":\"de\",\"potentialAction\":[{\"@type\":\"ReadAction\",\"target\":[\"https:\\\/\\\/bulirsch.eu\\\/home\\\/publikationen\\\/publikationen\\\/\"]}]},{\"@type\":\"BreadcrumbList\",\"@id\":\"https:\\\/\\\/bulirsch.eu\\\/home\\\/publikationen\\\/publikationen\\\/#breadcrumb\",\"itemListElement\":[{\"@type\":\"ListItem\",\"position\":1,\"name\":\"Home\",\"item\":\"https:\\\/\\\/bulirsch.eu\\\/home\\\/\"},{\"@type\":\"ListItem\",\"position\":2,\"name\":\"Publikationen\",\"item\":\"https:\\\/\\\/bulirsch.eu\\\/home\\\/publikationen\\\/\"},{\"@type\":\"ListItem\",\"position\":3,\"name\":\"Wissenschaftliche Publikationen\"}]},{\"@type\":\"WebSite\",\"@id\":\"https:\\\/\\\/bulirsch.eu\\\/home\\\/#website\",\"url\":\"https:\\\/\\\/bulirsch.eu\\\/home\\\/\",\"name\":\"Univ.-Prof. em. Dr. rer.nat. Dr. h.c. mult. Roland Zden\u011bk Bulirsch (Bul\u00ed\u0159)\",\"description\":\"\",\"potentialAction\":[{\"@type\":\"SearchAction\",\"target\":{\"@type\":\"EntryPoint\",\"urlTemplate\":\"https:\\\/\\\/bulirsch.eu\\\/home\\\/?s={search_term_string}\"},\"query-input\":{\"@type\":\"PropertyValueSpecification\",\"valueRequired\":true,\"valueName\":\"search_term_string\"}}],\"inLanguage\":\"de\"}]}<\/script>\n<!-- \/ Yoast SEO plugin. -->","yoast_head_json":{"title":"Wissenschaftliche Publikationen - Univ.-Prof. em. Dr. rer.nat. Dr. h.c. mult. Roland Zden\u011bk Bulirsch (Bul\u00ed\u0159)","robots":{"index":"index","follow":"follow","max-snippet":"max-snippet:-1","max-image-preview":"max-image-preview:large","max-video-preview":"max-video-preview:-1"},"canonical":"https:\/\/bulirsch.eu\/home\/publikationen\/publikationen\/","og_locale":"de_DE","og_type":"article","og_title":"Wissenschaftliche Publikationen - Univ.-Prof. em. Dr. rer.nat. Dr. h.c. mult. Roland Zden\u011bk Bulirsch (Bul\u00ed\u0159)","og_description":"Konstitutionsermittlung aus Verteilungskoeffizienten und aus papierchromatographischen Rf &#8211; Wertenmit Decker, P., Schauer, H. K.Die Naturwissenschaften 42, 1955. \u00dcber die Beziehungen zwischen Rf &#8211; Wert und chemischer Konstitution organischer Verbindungen in der Papierchromatographiemit Schauer, H. K.Z. Naturforschg. 10b, 1955. Konstitutionsaufkl\u00e4rung aus Rf &#8211; Wertenmit Schauer, H. K.Die Naturwissenschaften 43, 1956. \u00dcber [&hellip;]","og_url":"https:\/\/bulirsch.eu\/home\/publikationen\/publikationen\/","og_site_name":"Univ.-Prof. em. Dr. rer.nat. Dr. h.c. mult. Roland Zden\u011bk Bulirsch (Bul\u00ed\u0159)","article_modified_time":"2020-04-12T11:10:03+00:00","twitter_card":"summary_large_image","twitter_misc":{"Gesch\u00e4tzte Lesezeit":"9\u00a0Minuten"},"schema":{"@context":"https:\/\/schema.org","@graph":[{"@type":"WebPage","@id":"https:\/\/bulirsch.eu\/home\/publikationen\/publikationen\/","url":"https:\/\/bulirsch.eu\/home\/publikationen\/publikationen\/","name":"Wissenschaftliche Publikationen - Univ.-Prof. em. Dr. rer.nat. Dr. h.c. mult. Roland Zden\u011bk Bulirsch (Bul\u00ed\u0159)","isPartOf":{"@id":"https:\/\/bulirsch.eu\/home\/#website"},"datePublished":"2020-04-11T15:02:18+00:00","dateModified":"2020-04-12T11:10:03+00:00","breadcrumb":{"@id":"https:\/\/bulirsch.eu\/home\/publikationen\/publikationen\/#breadcrumb"},"inLanguage":"de","potentialAction":[{"@type":"ReadAction","target":["https:\/\/bulirsch.eu\/home\/publikationen\/publikationen\/"]}]},{"@type":"BreadcrumbList","@id":"https:\/\/bulirsch.eu\/home\/publikationen\/publikationen\/#breadcrumb","itemListElement":[{"@type":"ListItem","position":1,"name":"Home","item":"https:\/\/bulirsch.eu\/home\/"},{"@type":"ListItem","position":2,"name":"Publikationen","item":"https:\/\/bulirsch.eu\/home\/publikationen\/"},{"@type":"ListItem","position":3,"name":"Wissenschaftliche Publikationen"}]},{"@type":"WebSite","@id":"https:\/\/bulirsch.eu\/home\/#website","url":"https:\/\/bulirsch.eu\/home\/","name":"Univ.-Prof. em. Dr. rer.nat. Dr. h.c. mult. Roland Zden\u011bk Bulirsch (Bul\u00ed\u0159)","description":"","potentialAction":[{"@type":"SearchAction","target":{"@type":"EntryPoint","urlTemplate":"https:\/\/bulirsch.eu\/home\/?s={search_term_string}"},"query-input":{"@type":"PropertyValueSpecification","valueRequired":true,"valueName":"search_term_string"}}],"inLanguage":"de"}]}},"_links":{"self":[{"href":"https:\/\/bulirsch.eu\/home\/wp-json\/wp\/v2\/pages\/139","targetHints":{"allow":["GET"]}}],"collection":[{"href":"https:\/\/bulirsch.eu\/home\/wp-json\/wp\/v2\/pages"}],"about":[{"href":"https:\/\/bulirsch.eu\/home\/wp-json\/wp\/v2\/types\/page"}],"author":[{"embeddable":true,"href":"https:\/\/bulirsch.eu\/home\/wp-json\/wp\/v2\/users\/1"}],"replies":[{"embeddable":true,"href":"https:\/\/bulirsch.eu\/home\/wp-json\/wp\/v2\/comments?post=139"}],"version-history":[{"count":9,"href":"https:\/\/bulirsch.eu\/home\/wp-json\/wp\/v2\/pages\/139\/revisions"}],"predecessor-version":[{"id":156,"href":"https:\/\/bulirsch.eu\/home\/wp-json\/wp\/v2\/pages\/139\/revisions\/156"}],"up":[{"embeddable":true,"href":"https:\/\/bulirsch.eu\/home\/wp-json\/wp\/v2\/pages\/385"}],"wp:attachment":[{"href":"https:\/\/bulirsch.eu\/home\/wp-json\/wp\/v2\/media?parent=139"}],"curies":[{"name":"wp","href":"https:\/\/api.w.org\/{rel}","templated":true}]}}